{"id":809,"date":"2015-06-04T10:45:46","date_gmt":"2015-06-04T08:45:46","guid":{"rendered":"http:\/\/www.emeryci-sg.org.pl\/wp\/wp-content\/uploads\/2015\/06\/ods\u0142oni\u0119cie-tablicy-4.jpg"},"modified":"2015-06-04T10:45:46","modified_gmt":"2015-06-04T08:45:46","slug":"odsloniecie-tablicy-4","status":"inherit","type":"attachment","link":"https:\/\/www.emeryci-sg.org.pl\/wp\/70-lat-luzyckiej-brygady-wop\/odsloniecie-tablicy-4\/","title":{"rendered":"ods\u0142oni\u0119cie tablicy 4"},"author":1,"featured_media":0,"comment_status":"closed","ping_status":"closed","template":"","meta":[],"class_list":["post-809","attachment","type-attachment","status-inherit","hentry","nodate","item-wrap"],"description":{"rendered":"<p class=\"attachment\"><a href='https:\/\/www.emeryci-sg.org.pl\/wp\/wp-content\/uploads\/2015\/06\/ods\u0142oni\u0119cie-tablicy-4.jpg'><img loading=\"lazy\" decoding=\"async\" width=\"300\" height=\"199\" src=\"https:\/\/www.emeryci-sg.org.pl\/wp\/wp-content\/uploads\/2015\/06\/ods\u0142oni\u0119cie-tablicy-4-300x199.jpg\" class=\"attachment-medium size-medium\" alt=\"\" srcset=\"https:\/\/www.emeryci-sg.org.pl\/wp\/wp-content\/uploads\/2015\/06\/ods\u0142oni\u0119cie-tablicy-4-300x199.jpg 300w, https:\/\/www.emeryci-sg.org.pl\/wp\/wp-content\/uploads\/2015\/06\/ods\u0142oni\u0119cie-tablicy-4.jpg 1000w\" sizes=\"auto, (max-width: 300px) 100vw, 300px\" \/><\/a><\/p>\n"},"caption":{"rendered":""},"alt_text":"","media_type":"image","mime_type":"image\/jpeg","media_details":{"width":1000,"height":662,"file":"2015\/06\/ods\u0142oni\u0119cie-tablicy-4.jpg","sizes":{"thumbnail":{"file":"ods\u0142oni\u0119cie-tablicy-4-150x150.jpg","width":150,"height":150,"mime_type":"image\/jpeg","source_url":"https:\/\/www.emeryci-sg.org.pl\/wp\/wp-content\/uploads\/2015\/06\/ods\u0142oni\u0119cie-tablicy-4-150x150.jpg"},"medium":{"file":"ods\u0142oni\u0119cie-tablicy-4-300x199.jpg","width":300,"height":199,"mime_type":"image\/jpeg","source_url":"https:\/\/www.emeryci-sg.org.pl\/wp\/wp-content\/uploads\/2015\/06\/ods\u0142oni\u0119cie-tablicy-4-300x199.jpg"},"graphene_slider":{"file":"ods\u0142oni\u0119cie-tablicy-4-640x240.jpg","width":640,"height":240,"mime_type":"image\/jpeg","source_url":"https:\/\/www.emeryci-sg.org.pl\/wp\/wp-content\/uploads\/2015\/06\/ods\u0142oni\u0119cie-tablicy-4-640x240.jpg"},"post-thumbnail":{"file":"ods\u0142oni\u0119cie-tablicy-4-960x198.jpg","width":960,"height":198,"mime_type":"image\/jpeg","source_url":"https:\/\/www.emeryci-sg.org.pl\/wp\/wp-content\/uploads\/2015\/06\/ods\u0142oni\u0119cie-tablicy-4-960x198.jpg"},"full":{"file":"ods\u0142oni\u0119cie-tablicy-4.jpg","width":1000,"height":662,"mime_type":"image\/jpeg","source_url":"https:\/\/www.emeryci-sg.org.pl\/wp\/wp-content\/uploads\/2015\/06\/ods\u0142oni\u0119cie-tablicy-4.jpg"}},"image_meta":{"aperture":6.2999999999999998,"credit":"","camera":"NIKON D7000","caption":"","created_timestamp":1433082185,"copyright":"","focal_length":"20","iso":"100","shutter_speed":"0.004","title":"","orientation":1}},"post":802,"source_url":"https:\/\/www.emeryci-sg.org.pl\/wp\/wp-content\/uploads\/2015\/06\/ods\u0142oni\u0119cie-tablicy-4.jpg","filename":"ods\u0142oni\u0119cie-tablicy-4.jpg","filesize":170569,"_links":{"self":[{"href":"https:\/\/www.emeryci-sg.org.pl\/wp\/wp-json\/wp\/v2\/media\/809","targetHints":{"allow":["GET"]}}],"collection":[{"href":"https:\/\/www.emeryci-sg.org.pl\/wp\/wp-json\/wp\/v2\/media"}],"about":[{"href":"https:\/\/www.emeryci-sg.org.pl\/wp\/wp-json\/wp\/v2\/types\/attachment"}],"author":[{"embeddable":true,"href":"https:\/\/www.emeryci-sg.org.pl\/wp\/wp-json\/wp\/v2\/users\/1"}],"replies":[{"embeddable":true,"href":"https:\/\/www.emeryci-sg.org.pl\/wp\/wp-json\/wp\/v2\/comments?post=809"}],"wp:attached-to":[{"embeddable":true,"post_type":"post","id":802,"href":"https:\/\/www.emeryci-sg.org.pl\/wp\/wp-json\/wp\/v2\/posts\/802"}],"curies":[{"name":"wp","href":"https:\/\/api.w.org\/{rel}","templated":true}]}}

http://www.emeryci-sg.org.pl/wp/wp-content/uploads/2015/06/odsłonięcie-tablicy-4.jpg

odsłonięcie tablicy 4

<p class="attachment"><a href='https://www.emeryci-sg.org.pl/wp/wp-content/uploads/2015/06/odsłonięcie-tablicy-4.jpg'><img loading="lazy" decoding="async" width="300" height="199" src="https://www.emeryci-sg.org.pl/wp/wp-content/uploads/2015/06/odsłonięcie-tablicy-4-300x199.jpg" class="attachment-medium size-medium" alt="" srcset="https://www.emeryci-sg.org.pl/wp/wp-content/uploads/2015/06/odsłonięcie-tablicy-4-300x199.jpg 300w, https://www.emeryci-sg.org.pl/wp/wp-content/uploads/2015/06/odsłonięcie-tablicy-4.jpg 1000w" sizes="auto, (max-width: 300px) 100vw, 300px" /></a></p>

2015/06/odsłonięcie-tablicy-4.jpg

odsłonięcie-tablicy-4-150x150.jpg

https://www.emeryci-sg.org.pl/wp/wp-content/uploads/2015/06/odsłonięcie-tablicy-4-150x150.jpg

odsłonięcie-tablicy-4-300x199.jpg

https://www.emeryci-sg.org.pl/wp/wp-content/uploads/2015/06/odsłonięcie-tablicy-4-300x199.jpg

odsłonięcie-tablicy-4-640x240.jpg

https://www.emeryci-sg.org.pl/wp/wp-content/uploads/2015/06/odsłonięcie-tablicy-4-640x240.jpg

odsłonięcie-tablicy-4-960x198.jpg

https://www.emeryci-sg.org.pl/wp/wp-content/uploads/2015/06/odsłonięcie-tablicy-4-960x198.jpg

odsłonięcie-tablicy-4.jpg

https://www.emeryci-sg.org.pl/wp/wp-content/uploads/2015/06/odsłonięcie-tablicy-4.jpg
